Let u = -751 + g. Is 11 a factor of u?
False
Suppose r + 39*h - 5442 = 35*h, -2*r - 2*h = -10872. Does 26 divide r?
True
Is 11 a factor of 7 - (-6 - (2 + -1)*295)?
True
Let i be 2 - (6/(-1))/6. Is i + 3 - -436 - (1 + 4) a multiple of 57?
False
Let l(u) = -2*u**3 - 9*u**2 + 7*u - 8. Let i(m) = m**3 - m**2. Let v(t) = -i(t) - l(t). Is 32 a factor of v(-8)?
True
Suppose 4*c = 3*b - 18, 4*b = -4*c + 7*c + 17. Let o(s) = -36*s - 48. Does 6 divide o(c)?
True
Suppose 4*r = -3*u + 24274 + 812, 0 = -u - 3*r + 8367. Does 21 divide u?
True
Is -2763*(-8 - (-4 + -2)) a multiple of 77?
False
Let j(i) = 28*i**2 + 3*i - 1. Let g be j(1). Suppose -11*r - g = -129. Is 11 a factor of (-2)/r - (-2121)/189?
True
Let c(t) = 469*t**2 - 57*t - 391. Is c(-6) a multiple of 185?
True
Let i(r) = 1306*r**2 + 52*r + 13. Let x(q) = 871*q**2 + 35*q + 9. Let w(m) = 5*i(m) - 7*x(m). Is 24 a factor of w(-1)?
False
Suppose 2*a + 0*g = g + 21, -2*g = 2. Suppose -2*n = -9*y + 6*y - 2879, a*n - 4*y = 14428. Is 36 a factor of n?
False
Let i be 3 + (2 + -2 - (-6)/(-2)). Let j be (-6 - -2) + i + 33. Suppose -32*h = -j*h - 360. Is h a multiple of 30?
True
Suppose 4*i - 76 = -4*b, -9*b = -8*b + 3*i - 23. Suppose -3675 = -b*p - 8*p. Does 7 divide p?
True
Suppose -3*s = 4*z - 2, 5*z = s + 12 - 38. Suppose -730 = -s*t - 16. Does 9 divide t?
False
Let t be (0 + 101)/(8/88). Let x = t - 530. Is 33 a factor of x?
False
Let z(x) = 59*x**3 + 2*x**2 - 2*x + 3. Let m be z(2). Suppose 0 = -8*s - m - 585. Let v = s - -221. Is 13 a factor of v?
False
Suppose -2*v = -2*x - 16 - 2, 0 = 5*x - 5. Suppose -2*a + v*a = 800. Is a a multiple of 12?
False
Suppose 0 = 30*g - 36 + 216. Is 14 a factor of 466/g*(-17 + 14)?
False
Suppose -4*h - 6*a + 4*a = -120, 0 = 3*h + 2*a - 88. Suppose -2*t = -h + 36. Does 18 divide ((-7)/t)/((-3)/(1 + -91))?
False
Let u(t) = 3148*t**2 + 23*t + 21. Is 26 a factor of u(-1)?
True
Suppose -3*v + v = 10, i - 25 = 4*v. Suppose 5*n - 2460 = 5*a, -4*a - 2472 = -i*n - 2*a. Is n a multiple of 31?
True
Suppose -110*s + 1622680 = -70*s. Is s a multiple of 112?
False
Suppose -3*f + 3*n + 2473 = -224, -2*f + 1786 = 2*n. Is f a multiple of 8?
True
Suppose r = 2*s + 2*r - 77, 4*r = s - 43. Suppose b + 3*w - 188 + s = 0, -5*b + 763 = -3*w. Suppose 30*z - 22*z = b. Is z a multiple of 19?
True
Is ((-885450)/(-250) - 9/5)/1 a multiple of 59?
True
Let t = 42 + -42. Suppose 3*i - 5*j - 108 = t, -j + 3*j = -i + 25. Suppose -5*o + 39 = -i. Is 7 a factor of o?
True
Let g(o) = 3*o - 6 + 4*o**2 - 3*o**2 + 4*o. Suppose -71*z - 370 = -36*z + 2*z. Is g(z) a multiple of 12?
True
Let f = 451 - 517. Suppose -t - 45 = 13. Let q = t - f. Is q a multiple of 2?
True
Suppose 3*j - 21474 = -3*n, 2*n - 3*j - 9153 = 5173. Does 115 divide n?
False
Is 1126839/621 - (28/18 + 4/(-2)) a multiple of 363?
True
Let p = 72 + -193. Let i = p - -201. Does 20 divide i?
True
Let f be (-1)/(2/(-4))*9/6. Suppose -8 = -2*g, 3*z + 0*z = -f*g + 696. Is z a multiple of 12?
True
Let c(z) = 4*z**2. Let x be c(1). Suppose -304 = -3*d + 4*h, -x*h - 14 - 2 = 0. Is d a multiple of 24?
True
Suppose 4*m - 5152 = -708*i + 707*i, -5*i = -4*m + 5104. Does 7 divide m?
False
Suppose 0*t + 102 = t. Suppose -33*g = 794 + 658. Let d = t + g. Is 12 a factor of d?
False
Let g be 0/(-3*1/(-3)). Suppose 5*o - 3*i - 2 = 33, 2*o + 3*i = -7. Suppose 5*u + o*z - 96 = 0, -4*z = -2*u - g*z + 44. Does 6 divide u?
False
Suppose m + 4*m - 20 = -g, 0 = -2*g. Suppose 5*f = 14*z - 12*z - 5, -m*f - 28 = -4*z. Is 9 a factor of z?
False
Let p(d) = d**3 + 15*d**2 + 23*d - 20. Let h be p(-12). Let a = h - -198. Is a a multiple of 22?
False
Is 21 a factor of 18 + -18 + (805/1 - 5)?
False
Is (8 - 314964/72)/((-2)/12) a multiple of 9?
True
Is 95 a factor of (2 - -4) + (-2324580)/(-170)?
True
Let p be 1 - ((3 - 7) + -58). Let t = p + -58. Suppose t - 156 = -s. Is 20 a factor of s?
False
Is 13 a factor of 10*((-774375)/(-30))/35?
False
Let i(m) = -m + 8. Let t be i(-9). Suppose 3*q - 2 - 1 = 3*x, 3*x - t = -q. Suppose x*w = -3*u + 195, -9 + 4 = -u. Is 6 a factor of w?
False
Suppose 6*w + 319 = 2089. Let i = w + -214. Is i a multiple of 5?
False
Let l = -197 - -275. Suppose 1002 = 7*f + l. Is 12 a factor of f?
True
Suppose 0 = -11*s + 6*s + 25. Suppose -3*y - 2*b = b - 2460, s*y - b - 4130 = 0. Suppose 0 = -4*t + n + 845, -n - 2*n = 4*t - y. Is t a multiple of 11?
False
Suppose 15156 = 46*h - 2094. Does 36 divide h?
False
Let l = -40615 + 57624. Is 20 a factor of l?
False
Suppose -5*a - 81 = -96. Suppose 6 = -a*w, 66 + 104 = 3*p + 5*w. Is 10 a factor of p?
True
Suppose 0 = -4*z + t + 11, -12 = -2*z - t - 5. Let d(b) = -b**z + 9*b**2 + 3*b**2 - 73*b + 4 + 63*b. Does 15 divide d(10)?
False
Let k be (-3 + -1 + 3)*(-357 - 0). Let t = 642 - k. Suppose -47*p + t = -42*p. Does 19 divide p?
True
Suppose -5*d = -1240*n + 1241*n - 47376, -n + 37900 = 4*d. Does 206 divide d?
True
Suppose 0 = 44*a - 2*a + 42. Is (a/1)/(((-156)/(-6461))/(-12)) a multiple of 19?
False
Let o = 68524 - 38043. Is 15 a factor of o?
False
Is 34 a factor of (-7 - 11)*(-2040)/9?
True
Let d(u) = u - 9. Suppose 6*y + 4*k - 92 = 2*y, 4*k - 114 = -5*y. Let q be d(y). Does 13 divide (-14 - -15)/(1/q)*5?
True
Suppose 856 = 2*l - 3*b, b = -2*l + 160 + 712. Suppose -y + l = -p, -2*y - p = -653 - 209. Does 20 divide y?
False
Let v(l) = 3*l**3 - 75*l**2 + 18*l - 32. Let c = -211 - -236. Is v(c) a multiple of 22?
True
Let j(m) = m**3 - m**2 - 5*m + 307. Let k be j(0). Suppose -t + 0*t + 295 = 4*o, -k = -4*o - 5*t. Does 6 divide o?
False
Let y = 14304 + -11217. Is y a multiple of 11?
False
Let o(a) = -25*a**3 - 11*a**3 + 2*a**2 + 24 - 26 - a - 2*a**2. Is 24 a factor of o(-2)?
True
Let c be 3 - (1*-383 - (-3 - -2)). Suppose 5*d - 379 = -4*l, 5*l - c - 91 = -4*d. Is l a multiple of 12?
True
Suppose 706*j - 55197 = 703*j. Does 13 divide j?
False
Let g(p) = p**3 + 37*p**2 + 3*p + 183. Does 13 divide g(-34)?
True
Suppose -2*a + 5*h + 450 = -94, -3*a = -4*h - 830. Suppose 0 = 5*d + 4*l + 155 - 409, 0 = 5*d - 3*l - a. Does 3 divide d?
True
Let d = -13634 + 14939. Is 3 a factor of d?
True
Let y(u) be the second derivative of 9*u**4/4 + u**3 - 9*u**2/2 + 5*u. Suppose -3*f - t = -5*f + 1, -4*f - 5*t = -23. Is 37 a factor of y(f)?
True
Let o(s) = 2*s**2 + 32*s + 42. Let x(n) = -n**2 - n - 2. Let t be x(4). Is o(t) a multiple of 17?
True
Suppose 3*o + 27372 = 7*o + 2*c, -3*c + 6 = 0. Does 11 divide o?
True
Let r = 1201 + -327. Suppose r = 4*x - 106. Suppose 3*w + y - 52 - x = 0, -5*w + 494 = 2*y. Does 8 divide w?
False
Let s = 53 - 40. Suppose h - 4*d = -11, s - 1 = 4*h - 2*d. Suppose -3*t + 184 = -4*z, -h*z = -t - 0*z + 65. Is t a multiple of 6?
True
Let s(x) = 3*x**2 + 2*x - 2. Let c be 4 + -4 + 0 + -2. Let g be s(c). Suppose 0 = 2*m + g*o - 2*o - 38, 34 = m - o. Is m a multiple of 8?
False
Let u(f) = -3*f + 33. Suppose -63*q = -66*q - 45. Let r be u(q). Suppose 5*g + d - 160 = 0, 57 = 5*g - 4*d - r. Is 31 a factor of g?
True
Let n be (-12)/(-6) + 8/(-4) - -3. Is 7 a factor of (-5 + -3)/(-2) + 564/n?
False
Let a be 17 + -13 - (20/2 + 0). Let z be a/(-21) - (-104)/28. Suppose -4*c = c - 3*l - 592, -123 = -c - z*l. Does 17 divide c?
True
Let n = -8405 - -13886. Is n a multiple of 29?
True
Is 175 a factor of 59492/10 - (-1328)/1660?
True
Is ((-2)/(-14) - (-480010)/350)/(8/20) a multiple of 89?
False
Let w(l) = -509*l + 1359. Is w(2) a multiple of 31?
True
Suppose 18437 = 24*u - 48091. Is 44 a factor of u?
True
Suppose 7*t + 102 = 8*t. Let o = -9 + 11. Suppose o*j = 4*x + t, -255 = j - 6*j - x. Is j a multiple of 17?
True
Let y(c) = 3635*c + 15. Let o be y(2). Suppose 34*u = o + 5465. Is u a multiple of 15?
True
Let l(g) be the third derivative of 11/12*g**4 + 37/6*g**3 + 32*g**2 + 0*g + 0. Does 29 divide l(5)?
False
Let x = -5966 + 9310. Is 8 a factor of x?
True
Suppose -2*d + 7*t = -325, -23*d = -21*d - 5*t - 319. Does 2 divide d?
True
Let d = -34 + 13. Let z be (-3)/9*d + -3. Suppose w = -i + 173, -w + 6*i = z*i - 182. Is 16 a factor of w?
True
Let d(h) = -2*h**3 - 38*h**2 + 121*h - 5. Does 40 divide d(-25)?
False
Let f(a) = a**2 - 23*a + 62. Let p be f(20). Is p/((-16)/(-1900)) + 4/8 a multiple of 7?
True
Suppose -5*o + o = 5*w + 1, -3*o - 4*w = 2. Let n(h) = h + h + o*h + 15 + 10. Is n(0) a multiple of 5?
True
Suppose -180*r + 3